1010101 + -2022321?
-3033022
In base 13, what is -120 - 28590?
-286b0
In base 12, what is -5 + 864b60?
864b57
In base 3, what is 21220 + -2000122?
-1201202
In base 11, what is -158629 - 41?
-15866a
In base 9, what is -271 - 2326010?
-2326281
In base 5, what is -1204430 + -14342?
-1224322
In base 9, what is 16608461 - -8?
16608470
In base 15, what is -9d54a - -30?
-9d51a
In base 5, what is -24103130 - -224?
-24102401
In base 5, what is -12324 - -111410?
44031
In base 11, what is 1412a + 1228a?
26409
In base 11, what is -875795a70 + 2?
-875795a69
In base 4, what is 0 + 11113211322130?
11113211322130
In base 14, what is -3 + 129bb34?
129bb31
In base 15, what is 24 + 4b4b26?
4b4b4a
In base 5, what is 10411423 + -342?
10411031
In base 13, what is 1 - -16501b17?
16501b18
In base 7, what is 11220445 - -211?
11220656
In base 7, what is -4 - 36066326?
-36066333
In base 12, what is 11b + 367768?
367887
In base 6, what is -102540 - 22241?
-125221
In base 8, what is 114767 + 64?
115053
In base 10, what is -23 + -45286?
-45309
In base 15, what is 3 - -1e3543?
1e3546
In base 2, what is 11111101010 - 11111100111010?
-11011101010000
In base 5, what is 1204 + 4042424?
4044133
In base 10, what is -6425888 + 6?
-6425882
In base 14, what is 5 - 2b47dd?
-2b47d8
In base 9, what is 267 - 101387?
-101120
In base 15, what is bb5 + 1605?
22ba
In base 2, what is -11110 - 101000001010000100101111?
-101000001010000101001101
In base 6, what is -30 + -214513504?
-214513534
In base 14, what is -6c8 - -1a80?
1396
In base 11, what is -51622 - 15a8?
-5311a
In base 5, what is 33123 + -440122?
-401444
In base 13, what is 2 + 12818cb2?
12818cb4
In base 7, what is 1303112405 - -11?
1303112416
In base 2, what is 10011000000001000010 - 1110010?
10010111111111010000
In base 13, what is -c5cabb + 0?
-c5cabb
In base 7, what is -336 - -34251452?
34251113
In base 13, what is -ab + -29749?
-29827
In base 15, what is -3860c + -48a?
-38a97
In base 7, what is -1053610 + 200?
-1053410
In base 5, what is -12342042 - 223?
-12342320
In base 3, what is 101112210010 - -111002?
101120021012
In base 2, what is 111111001000101110011011 + -100011?
111111001000101101111000
In base 5, what is -44033322 - 0?
-44033322
In base 10, what is -44 + -128147?
-128191
In base 16, what is 69d3f6 + 0?
69d3f6
In base 16, what is -5 + -270830?
-270835
In base 15, what is 2d5d93c + 2?
2d5d93e
In base 11, what is -6a + 115462?
1153a3
In base 7, what is 2305431 + 110?
2305541
In base 11, what is -20851841a + -1?
-208518420
In base 12, what is -1b - 8219891?
-82198b0
In base 10, what is -37400 - -10669?
-26731
In base 11, what is 24633 - 52?
24591
In base 16, what is -25 - -fe326?
fe301
In base 8, what is 4550402 + 77?
4550501
In base 4, what is 333 + 21000203321?
21000210320
In base 16, what is -3c0dc + 1?
-3c0db
In base 9, what is -2300 - 52253?
-54553
In base 8, what is 23475 + 3563?
27260
In base 7, what is 3156603 + 25?
3156631
In base 4, what is 121112332230 - -3?
121112332233
In base 4, what is 2213132222113 - 2?
2213132222111
In base 8, what is -5 - -266720457?
266720452
In base 16, what is -17 - 18060?
-18077
In base 4, what is -3011 + -23032133?
-23101210
In base 13, what is 2c - -14a26ba?
14a2719
In base 16, what is -1633 + 8725?
70f2
In base 14, what is 10 - -178cd9?
178d09
In base 15, what is -c6 - -6b2b20?
6b2a49
In base 2, what is 11000110111001 - -111101010?
11001110100011
In base 8, what is -12 - -23517625?
23517613
In base 2, what is -11 - 100000100111111010011111?
-100000100111111010100010
In base 2, what is 110 - 100111011111000100?
-100111011110111110
In base 16, what is -18b070b + 4?
-18b0707
In base 7, what is -5402 + -3062?
-11464
In base 6, what is 3133523501 + 5?
3133523510
In base 9, what is -21 - 14645603?
-14645624
In base 3, what is -20022222210 + 112?
-20022222021
In base 15, what is -5 - -11751b38?
11751b33
In base 10, what is -35799 + 396?
-35403
In base 12, what is -a0419b8 + -5?
-a041a01
In base 3, what is -120122011101200 - 10?
-120122011101210
In base 9, what is -265642 - -237?
-265404
In base 14, what is 2 + a7a97b?
a7a97d
In base 3, what is -212120 + 21121010212?
21120021022
In base 15, what is -8e9c2 + 9?
-8e9b8
In base 3, what is 20 - 2211110010020?
-2211110010000
In base 11, what is -2 + 5353846?
5353844
In base 9, what is -73 + -12175?
-12258
In base 5, what is 23 - 101440410323?
-101440410300
In base 4, what is 2 + -1012312032022?
-1012312032020
In base 8, what is 23110 + -12?
23076
In base 7, what is -2 - -42340534?
42340532
In base 3, what is 20011012 + -22020?
12211222
In base 16, what is -e - -84d40?
84d32
In base 8, what is 63 - 531744?
-531661
In base 13, what is -4 - -1629304?
1629300
In base 16, what is 2c - -548c4?
548f0
In base 13, what is -5 - 3786184?
-3786189
In base 13, what is -6 + 98ba36?
98ba30
In base 11, what is 323 - -1a2036?
1a2359
In base 5, what is -31433202 - 14400?
-32003102
In base 10, what is -791 + -68304?
-69095
In base 4, what is -1023232 + 130222?
-233010
In base 8, what is 236652402 - 0?
236652402
In base 4, what is -320 - 300330300?
-300331220
In base 10, what is 3 - 2360270?
-2360267
In base 2, what is 1000011110101100001000 - 11?
1000011110101100000101
In base 16, what is -4a19b4 - 42?
-4a19f6
In base 8, what is -10677234 - 5?
-10677241
In base 13, what is -2575 + 9236?
6991
In base 8, what is -252056337 - 3?
-252056342
In base 6, what is 1 + 12210451004?
12210451005
In base 13, what is -80b8 - -2335?
-5a83
In base 14, what is -708 + -d0b?
-1615
In base 6, what is 1 - -32343454?
32343455
In base 7, what is 5452536 - -353?
5453222
In base 14, what is 9d68 - 3731?
6637
In base 8, what is -3 - -52407?
52404
In base 3, what is -1021122100 + 1020101?
-1020101222
In base 11, what is 10810 - 15a7a?
-526a
In base 11, what is 24153330 - -11?
24153341
In base 4, what is 2021011131332 - 11?
2021011131321
In base 9, what is 825726 + -51?
825665
In base 10, what is -29 - -4690263?
4690234
In base 13, what is a + 4c3cc1?
4c3ccb
In base 13, what is -6b631 - 109?
-6b73a
In base 6, what is -122402254233 + -5?
-122402254242
In base 10, what is 27228 + 28?
27256
In base 7, what is 644124 - -111?
644235
In base 9, what is -5111 + 2856?
-2144
In base 15, what is -5 + 83105?
83100
In base 5, what is -1223230130 - -3?
-1223230122
In base 6, what is 254043 + -1302?
252341
In base 5, what is 143114 + 3440302?
4133421
In base 11, what is 78731694 - 5?
7873168a
In base 15, what is 4 - -5415?
5419
In base 10, what is -5734 + 12716?
6982
In base 13, what is 29 - -43238?
43264
In base 6, what is -51 + 24142105?
24142014
In base 2, what is -111011110110001011111001 + -1101?
-111011110110001100000110
In base 14, what is 1 - 3437ba?
-3437b9
In base 6, what is 25120 + -5540?
15140
In base 14, what is -6 - 7a432b?
-7a4333
In base 11, what is a2396 - -337?
a2722
In base 9, what is 475 - 25156?
-24571
In base 10, what is 2 + 6467514?
6467516
In base 2, what is -1111000111001101101101 + -111000?
-1111000111001110100101
In base 10, what is -10620 - -4613?
-6007
In base 4, what is -1211220 + 120222?
-1030332
In base 10, what is 1317 - -31758?
33075
In base 7, what is 5431 - 2040625?
-2032164
In base 7, what is 126 + -1300244?
-1300115
In base 6, what is 20503203 - 33?
20503130
In base 5, what is -42010201032 + -11?
-42010201043
In base 6, what is -223 - 52204533?
-52205200
In base 5, what is -4442 - -1444004?
1434012
In base 14, what is -34b09 - -78b?
-3435c
In base 6, what is -13130113153 + 0?
-13130113153
In base 11, what is -483a2 - -126?
-48277
In base 5, what is 1002 + 1113320424?
1113321431
In base 5, what is 132210 - 31133?
101022
In base 8, what is 23 + 252140570?
252140613
In base 11, what is 6108 - -262?
636a
In base 9, what is -181812844 - -5?
-181812838
In base 8, what is -20 - -21516?
21476
In base 11, what is 2 + 988516a5?
988516a7
In base 6, what is 121334521 + -10?
121334511
In base 8, what is 66022246 + -5?
66022241
In base 15, what is -cb94 - -3ac?
-c7d7
In base 4, what is -30 + 333223100?
333223010
In base 4, what is 0 - 12121021103102?
-12121021103102
In base 7, what is 16 + 52425556?
52425605
In base 10, what is -21 - 4830795?
-4830816
In base 11, what is -7 + 466520a?
4665203
In base 10, what is -6 + 362021?
362015
In base 12, what is -18651b7a5 + 4?
-1865